 + 24. Let d be f(10). Suppose 3*o + d*m - 1279 = 0, 2*o - 935 = m - 75. What is the hundreds digit of o?
4
Let q be ((-2)/6)/((-7)/420). Suppose 0 = 5*s - 25, -s = 3*o - 0*s - q. Suppose 0 = v - 3*v - 5*k + 20, -25 = -v + o*k. What is the units digit of v?
5
Suppose -3*h + 8 = 2*p, 0 = -3*h - 5*p + 13 + 7. Suppose 0*r = -4*r - u + 78, -u + 2 = h. Let x(v) = 7*v + 32. What is the tens digit of x(r)?
6
Let r(i) = i**3 - 6*i**2 - 7*i + 2. Let k be r(7). Suppose y - k = 3. Suppose -28 = -y*a + 57. What is the tens digit of a?
1
Let k(v) = -4*v + 30. Let m(i) = i**3 + 5*i**2 - 15*i - 3. Let t be m(-7). Let j be 3 + 2*(3 - 38/t). What is the tens digit of k(j)?
7
Let c be -5 + 3 + ((-24)/1)/(-2). Suppose 0 = c*x + 2*x - 96. What is the units digit of x?
8
Suppose -16*p + 2*a = -19*p - 82, -a = -3*p - 67. What is the tens digit of (-6766)/(-8) - (1 - (-6)/p)?
4
Suppose -3*k + 5450 = 21350. Let h = -3229 - k. What is the units digit of h?
1
Let q be (-96)/46 - 32/(-368). Let r(s) = -26*s**3 - 2*s**2 - 3. What is the units digit of r(q)?
7
Let a = -189 + 210. What is the hundreds digit of 147*((-21)/49 - (-79)/a)?
4
Suppose 7*s - 13*s = 5*d - 128236, 2*d - 4 = 0. What is the hundreds digit of s?
3
Let k = 14916 + -8491. What is the hundreds digit of k?
4
Suppose -2*d - 8 = 0, -5*w - d + 2888 + 3908 = 0. What is the thousands digit of w?
1
Let o(a) = 4*a**2 + 28*a - 10. Let n be o(-8). Let y = 92 - n. What is the units digit of y?
0
Suppose 4*t - 1864 = 2*w - 95042, 186356 = 4*w - 5*t. What is the hundreds digit of w?
5
Let w = 962 + -536. Suppose -w = -14*u - 146. What is the tens digit of u?
2
What is the thousands digit of 252/(-154)*-599*11?
0
Let a be (-6 - -6)/(3 + -2). What is the hundreds digit of 322 + -7 + -3 + a?
3
Suppose 2*w + 3*o = -639, w - 2*o - 39 = -362. Let i = -184 - w. What is the hundreds digit of i?
1
Let f(j) = 98*j + 197. Let q(n) = -104*n - 198. Let s(z) = -3*f(z) - 2*q(z). What is the units digit of s(-17)?
7
Let g(k) = -12*k - 123. Let l be g(-10). What is the thousands digit of l/((-6)/(-8)) - (-1380 - 10)?
1
Let x = 5 - -6. Let u(l) = -l + 11. Let n be u(x). What is the units digit of n - -10*-50*(-3)/12?
5
Let x = -190 + 171. Let m(z) = -z**3 - 18*z**2 + 20*z + 37. What is the tens digit of m(x)?
1
Let o(n) = -n**3 - 52*n**2 + 47*n - 26. Let a be o(-53). Let u be (-1 - (-2)/2) + -193. Let y = a + u. What is the tens digit of y?
9
Suppose -51*m = -1227100 + 352042. What is the units digit of m?
8
Let d(o) = 38*o - 4. Let s be d(-5). Let b(k) = -47*k - 2559. Let l be b(-52). Let p = l - s. What is the units digit of p?
9
Suppose -32*b = -1008510 - 1162914. What is the thousands digit of b?
7
Suppose r + 17 = 2*q - 0*q, -15 = -3*r. Let a(t) = -3 + 2*t - 39*t**3 - 11*t**2 - 2 + 40*t**3. What is the tens digit of a(q)?
1
Suppose -857 = -3*h - 5*y + 39, -3*h - 3*y = -888. Let n = h + -45. Suppose -n = -2*g + 5*z, -2*g = -g + 4*z - 143. What is the hundreds digit of g?
1
Let y be 3/(-36) + (-5170)/(-120). Suppose a - 331 = -x - y, -4*a + 1128 = -4*x. What is the units digit of a?
5
Suppose z + 3*b = 40 + 31, 0 = z - 2*b - 71. Let u = 327 + -272. Let c = z - u. What is the units digit of c?
6
Let c be 2/(-5) + -17*(-8)/(-10). Let d be -3*2/c + (-198)/(-126). Suppose -i - 4*n = -114, 0*i + d*n - 512 = -4*i. What is the tens digit of i?
3
Suppose -9*w - 303198 = -51*w. What is the units digit of w?
9
Suppose -5*k + 0*k - 255 = 0. Let o be 2/(-6) - (-238)/k. Let f(w) = 4*w**2 + 4*w + 7. What is the units digit of f(o)?
7
Suppose -191 = 2*g + 7. Suppose p + 30 + 89 = 0. Let l = g - p. What is the units digit of l?
0
Suppose z - 6 = 3*z, -3*z = 3*l - 51. Suppose 2*n - 7920 = -l*n. What is the tens digit of n?
6
Let t be 4 - (-2)/(-4)*(22 - 12). Let g be (-99)/22 + t/(-2) + 2. What is the tens digit of (g - (-10 + -3)) + (2 - 0)?
1
Suppose -w + 2807 = -2*h, -3*w + 3*h = -2422 - 5993. Let x = w - 1968. What is the units digit of x?
5
Let m(k) = k**3 - k**2 - 4*k - 1. Let y be m(2). What is the hundreds digit of (-9526)/(-33) - y/15?
2
What is the hundreds digit of 19121175/765 - (-2)/(4/(-14))?
9
Suppose 2*u + 2*u = 0. Let o be -11 + 13 - (0 + u). Suppose -8*i + 1122 = -o*i. What is the units digit of i?
7
Let n = 12150 - -12814. What is the tens digit of n?
6
Let p be -3 + -8 + 25/(-5). What is the hundreds digit of 24/8 - p*30?
4
Let z = 7856 - 2331. What is the hundreds digit of z?
5
Let v be (6 + 0)*(-5 + 11). Let q be (v/42)/((-1)/329). What is the units digit of ((-8)/(-12))/((-4)/q)?
7
Let v(y) = 20*y**3 - 6*y**2 - 16*y + 6. What is the tens digit of v(10)?
4
Suppose 20*u - 24*u = -288. Suppose -9*i = -3*i - u. Suppose -i*s = -7*s - 465. What is the tens digit of s?
9
Suppose -4*b - 40 - 368 = 4*l, 5*b + l + 510 = 0. What is the units digit of b*38/(-4) + 5 + 0?
4
Suppose 7*o + 12 = 61. Suppose -w + 3520 = o*w. What is the tens digit of (w/(-6))/(8/(-12))?
1
Suppose -147 = -149*z + 142*z. Let q = 6 + -4. Let f = z + q. What is the units digit of f?
3
Let g(x) = 41*x**2 + 5*x - 37. Let n be g(4). Let p = n + -79. What is the units digit of p?
0
Suppose -5*w + w + 32 = -3*r, w + 7 = -3*r. Suppose -4*x - 2*b = -408, 2*b = w*x - 309 - 201. What is the tens digit of (x/8)/((-6)/(-24))?
5
Let b(m) = 8*m - 48. Let f be b(6). Let o(d) = d**3 - d**2 - 2*d - 30. Let w be o(f). Let z = 65 + w. What is the tens digit of z?
3
What is the units digit of (10/(-2) + 2)*((-156)/12 - 88)?
3
Let h(s) = 65 + 83*s + 79*s + 85*s - 270*s. What is the units digit of h(-32)?
1
Let s be (171/18 + -8)*-250. Let y = s + 1593. What is the hundreds digit of y?
2
Let l(h) = h. Let n(u) be the first derivative of 111*u**4/4 - u**3/3 + 5*u**2/2 - 16. Let o(i) = -3*l(i) + n(i). What is the tens digit of o(1)?
1
Let r be 6 + (-1 - -2*(-1)/2). Suppose 3*z = r*x - z - 1280, 634 = 2*x - 5*z. What is the units digit of x?
2
Suppose -16198 = -2*p - 3468. Suppose -5*k + 4*v + p = 0, 3*k + 0*v = -4*v + 3819. Suppose -k = 17*z - 5251. What is the hundreds digit of z?
2
Let d(b) = -b**2 + 15*b**2 - b**2 + 24 + 3*b + 4*b**2. What is the tens digit of d(-5)?
3
Suppose -z + 3 - 7 = 0. Let h(l) = -3*l**2 - l. Let s(y) = 17*y**2 + y + 2. Let o(k) = 6*h(k) + s(k). What is the units digit of o(z)?
6
Let c be 2/((-3)/1 + (-119)/(-35)). What is the units digit of 0/c - 25*(-12 - 1)?
5
Let g(p) be the first derivative of -319*p**2 - 27*p - 70. What is the tens digit of g(-2)?
4
Let b = -68 - -93. Let y = 21 + -9. Suppose b = 17*s - y*s. What is the units digit of s?
5
Suppose 2*o + o - 12 = 0. Let l be o + ((-16)/24)/(4/6). Suppose 5*t + r + 404 = 8*t, l*t = 5*r + 400. What is the units digit of t?
5
What is the hundreds digit of 6804 - ((-40)/2 - -4)?
8
Suppose -9*s + 8*s + 1 = 3*h, 0 = -3*h + 2*s + 16. Suppose 7001 = 4*b + 3*j, 6*b - h*j = 11*b - 8760. What is the thousands digit of b?
1
Let w = -40 - -47. Suppose 3*o = -3*i + 3378, -3*i + w*i - 4490 = 3*o. What is the tens digit of i?
2
Suppose 4*r = 4*a + 168, 4*a + 3 = r - 48. Suppose 5*m + r = 4*w, -3*w + 29 = -0*w - 4*m. What is the tens digit of (-130)/(0 - 1) - (13 - w)?
2
Let z(t) = -18*t**3 - t**2 + t + 2. Let a be z(-1). Let l = -25 + a. What is the tens digit of (2 + 0)/(2/(-7))*l?
4
Let o be (1/(-2))/(((-34)/(-24))/17). Let f(p) = -15*p + 51. What is the units digit of f(o)?
1
Let n be 18*(2 - (-4 + 32/12)). What is the tens digit of (46/3)/(n/270)?
6
Let y = 7173 - 4619. What is the thousands digit of y?
2
Let s = -2319 - -7932. What is the hundreds digit of s?
6
Suppose 2*o + 22*o - 408 = 0. Suppose o*x = 27*x - 680. What is the units digit of x?
8
Let w(f) = 11*f**2 + 32*f + 770. What is the tens digit of w(-27)?
2
Suppose 0 = -7*d + 2*d - 245685. What is the hundreds digit of (-20)/310 + d/(-31)?
5
Suppose -96*b + 267036 + 699564 = -36*b. What is the units digit of b?
0
Let q be 11 + 1*(-12 - (-6)/1). Suppose -2*l - q*p = -1743, 45*p + 1 = 46*p. What is the hundreds digit of l?
8
What is the hundreds digit of 1/((-208020)/29718 - -7)?
9
Let f(p) = 434*p**3 + 4*p**2 - 71*p + 247. What is the ten thousands digit of f(4)?
2
Let v be 23038/22 - (-1)/(-44)*8. Suppose 3*s + v = 3*q, 5*q + 2*s - 613 - 1153 = 0. What is the units digit of q?
2
Let s(y) = -5*y - 8. Let u be s(-2). Suppose -8*i + 3*n + 557 = -3*i, -4*n 